{"id":810,"date":"2013-04-20T15:54:14","date_gmt":"2013-04-20T15:54:14","guid":{"rendered":"http:\/\/www.seriekonst.se\/?page_id=810"},"modified":"2021-12-09T15:58:03","modified_gmt":"2021-12-09T15:58:03","slug":"vin-och-vatten-original","status":"publish","type":"page","link":"https:\/\/www.seriekonst.se\/?page_id=810","title":{"rendered":"Vin och Vatten &#8211; original till salu"},"content":{"rendered":"<p style=\"text-align: center;\"><a href=\"http:\/\/www.seriekonst.se\/?attachment_id=812\" rel=\"attachment wp-att-812\"><img loading=\"lazy\" decoding=\"async\" class=\"aligncenter wp-image-812\" src=\"http:\/\/www.seriekonst.se\/wp-content\/uploads\/2013\/04\/vv_sale.jpg\" alt=\"vv_sale\" width=\"510\" height=\"412\" srcset=\"https:\/\/www.seriekonst.se\/wp-content\/uploads\/2013\/04\/vv_sale.jpg 850w, https:\/\/www.seriekonst.se\/wp-content\/uploads\/2013\/04\/vv_sale-300x242.jpg 300w\" sizes=\"auto, (max-width: 510px) 100vw, 510px\" \/><\/a><\/p>\n<p>Original ur boken <em>Vin och Vatten<\/em> till f\u00f6rs\u00e4ljning. Priset per original \u00e4r 1500 kr och d\u00e5 ing\u00e5r \u00e4ven sj\u00e4lva boken. Varje original inneh\u00e5ller tv\u00e5 bilder och m\u00e4ter ca 29&#215;18 cm.<\/p>\n<p><strong>Om Vin och Vatten.<\/strong><br \/>Johan och Janna f\u00f6rs\u00f6ker lappa ihop sitt \u00e4ktenskap genom att renovera ett hus i Portugal. Huset, som \u00e4r en ruin, ligger i bergen. Det regnar och \u00e4r kallt. Det enda som v\u00e4rmer \u00e4r vinet och det h\u00e5rda arbetet.\u00a0Pl\u00f6tsligt dyker en ov\u00e4ntad g\u00e4st upp och historien tar en ny v\u00e4ndning. En novell helt m\u00e5lad i akvarellf\u00e4rg.\u00a0Ett urval bilder ur boken har visats p\u00e5\u00a0<em>V\u00e4xj\u00f6 Konstmuseum<\/em>\u00a0och\u00a0<em>Varbergs konsthall<\/em>.<\/p>\n<p><strong>Pressr\u00f6ster:<\/strong><br \/>\u201cTeckningarna v\u00e4xer till styrka och inneh\u00e5ll. Vissa rutor \u2013 fr\u00e4mst landskapen, b\u00e5de landsbygds- och stadslandskap blir seriem\u00e5lningar= tavlor.\u201d Bengt Eriksson,\u00a0<em>Expressen 090325<\/em><\/p>\n<p><strong>Best\u00e4ll h\u00e4r:<\/strong><br \/>Klicka <a href=\"mailto:info@seriekonst.se?Subject=Seriekonst - best\u00e4llning\">H\u00c4R<\/a> och fyll i din best\u00e4llning direkt i mailet, s\u00e5 skickar jag en bok. Ange d\u00e4refter vilken sida och vilken strip du \u00f6nskar best\u00e4lla.<\/p>\n<p><strong>Villkor:<\/strong><br \/>Betala i efterskott mot faktura. 30 dagar efter faktureringsdatum utg\u00e5r p\u00e5minnelseavgift med 50 kronor\/utskick.<br \/>14 dagars \u00e5ngerr\u00e4tt f\u00f6r privatkunder g\u00e4ller enligt Distanshandelslagen. Porto ing\u00e5r i alla priser. Leveranstid 3-7 dagar<\/p>\n<p><strong>Exempel p\u00e5 original som \u00e4r till salu:<\/strong><\/p>\n\n\n<figure class=\"wp-block-image size-full\"><a href=\"http:\/\/www.seriekonst.se\/wp-content\/uploads\/2013\/04\/014.jpg\"><img loading=\"lazy\" decoding=\"async\" width=\"686\" height=\"349\" src=\"http:\/\/www.seriekonst.se\/wp-content\/uploads\/2013\/04\/014.jpg\" alt=\"\" class=\"wp-image-860\" srcset=\"https:\/\/www.seriekonst.se\/wp-content\/uploads\/2013\/04\/014.jpg 686w, https:\/\/www.seriekonst.se\/wp-content\/uploads\/2013\/04\/014-300x152.jpg 300w\" sizes=\"auto, (max-width: 686px) 100vw, 686px\" \/><\/a><figcaption>Var \u00e4r dom?<\/figcaption><\/figure>\n\n\n\n<figure class=\"wp-block-image size-full\"><a href=\"http:\/\/www.seriekonst.se\/wp-content\/uploads\/2013\/04\/008.jpg\"><img loading=\"lazy\" decoding=\"async\" width=\"673\" height=\"350\" src=\"http:\/\/www.seriekonst.se\/wp-content\/uploads\/2013\/04\/008.jpg\" alt=\"\" class=\"wp-image-859\" srcset=\"https:\/\/www.seriekonst.se\/wp-content\/uploads\/2013\/04\/008.jpg 673w, https:\/\/www.seriekonst.se\/wp-content\/uploads\/2013\/04\/008-300x156.jpg 300w\" sizes=\"auto, (max-width: 673px) 100vw, 673px\" \/><\/a><figcaption>Huset m\u00e5las med kalk.<\/figcaption><\/figure>\n\n\n\n<figure class=\"wp-block-image size-full\"><a href=\"http:\/\/www.seriekonst.se\/wp-content\/uploads\/2013\/04\/019.jpg\"><img loading=\"lazy\" decoding=\"async\" width=\"673\" height=\"341\" src=\"http:\/\/www.seriekonst.se\/wp-content\/uploads\/2013\/04\/019.jpg\" alt=\"\" class=\"wp-image-863\" srcset=\"https:\/\/www.seriekonst.se\/wp-content\/uploads\/2013\/04\/019.jpg 673w, https:\/\/www.seriekonst.se\/wp-content\/uploads\/2013\/04\/019-300x152.jpg 300w\" sizes=\"auto, (max-width: 673px) 100vw, 673px\" \/><\/a><figcaption>Lissabon<\/figcaption><\/figure>\n\n\n\n<figure class=\"wp-block-image size-full\"><a href=\"http:\/\/www.seriekonst.se\/wp-content\/uploads\/2013\/04\/018.jpg\"><img loading=\"lazy\" decoding=\"async\" width=\"669\" height=\"343\" src=\"http:\/\/www.seriekonst.se\/wp-content\/uploads\/2013\/04\/018.jpg\" alt=\"\" class=\"wp-image-862\" srcset=\"https:\/\/www.seriekonst.se\/wp-content\/uploads\/2013\/04\/018.jpg 669w, https:\/\/www.seriekonst.se\/wp-content\/uploads\/2013\/04\/018-300x153.jpg 300w\" sizes=\"auto, (max-width: 669px) 100vw, 669px\" \/><\/a><figcaption>Nova Pensao i Caldas de Moncuique<\/figcaption><\/figure>\n","protected":false},"excerpt":{"rendered":"<p>Original ur boken Vin och Vatten till f\u00f6rs\u00e4ljning. Priset per original \u00e4r 1500 kr och d\u00e5 ing\u00e5r \u00e4ven sj\u00e4lva boken. Varje original inneh\u00e5ller tv\u00e5 bilder och m\u00e4ter ca 29&#215;18 cm. Om Vin och Vatten.Johan och Janna f\u00f6rs\u00f6ker lappa ihop sitt &hellip; <a href=\"https:\/\/www.seriekonst.se\/?page_id=810\">Continue reading <span class=\"meta-nav\">&rarr;<\/span><\/a><\/p>\n","protected":false},"author":1,"featured_media":0,"parent":1507,"menu_order":2,"comment_status":"closed","ping_status":"open","template":"","meta":{"footnotes":""},"class_list":["post-810","page","type-page","status-publish","hentry"],"_links":{"self":[{"href":"https:\/\/www.seriekonst.se\/index.php?rest_route=\/wp\/v2\/pages\/810","targetHints":{"allow":["GET"]}}],"collection":[{"href":"https:\/\/www.seriekonst.se\/index.php?rest_route=\/wp\/v2\/pages"}],"about":[{"href":"https:\/\/www.seriekonst.se\/index.php?rest_route=\/wp\/v2\/types\/page"}],"author":[{"embeddable":true,"href":"https:\/\/www.seriekonst.se\/index.php?rest_route=\/wp\/v2\/users\/1"}],"replies":[{"embeddable":true,"href":"https:\/\/www.seriekonst.se\/index.php?rest_route=%2Fwp%2Fv2%2Fcomments&post=810"}],"version-history":[{"count":39,"href":"https:\/\/www.seriekonst.se\/index.php?rest_route=\/wp\/v2\/pages\/810\/revisions"}],"predecessor-version":[{"id":2245,"href":"https:\/\/www.seriekonst.se\/index.php?rest_route=\/wp\/v2\/pages\/810\/revisions\/2245"}],"up":[{"embeddable":true,"href":"https:\/\/www.seriekonst.se\/index.php?rest_route=\/wp\/v2\/pages\/1507"}],"wp:attachment":[{"href":"https:\/\/www.seriekonst.se\/index.php?rest_route=%2Fwp%2Fv2%2Fmedia&parent=810"}],"curies":[{"name":"wp","href":"https:\/\/api.w.org\/{rel}","templated":true}]}}

<p style="text-align: center;"><a href="http://www.seriekonst.se/?attachment_id=812" rel="attachment wp-att-812"><img loading="lazy" decoding="async" class="aligncenter wp-image-812" src="http://www.seriekonst.se/wp-content/uploads/2013/04/vv_sale.jpg" alt="vv_sale" width="510" height="412" srcset="https://www.seriekonst.se/wp-content/uploads/2013/04/vv_sale.jpg 850w, https://www.seriekonst.se/wp-content/uploads/2013/04/vv_sale-300x242.jpg 300w" sizes="auto, (max-width: 510px) 100vw, 510px" /></a></p>
<p>Original ur boken <em>Vin och Vatten</em> till försäljning. Priset per original är 1500 kr och då ingår även själva boken. Varje original innehåller två bilder och mäter ca 29&#215;18 cm.</p>
<p><strong>Om Vin och Vatten.</strong><br />Johan och Janna försöker lappa ihop sitt äktenskap genom att renovera ett hus i Portugal. Huset, som är en ruin, ligger i bergen. Det regnar och är kallt. Det enda som värmer är vinet och det hårda arbetet. Plötsligt dyker en oväntad gäst upp och historien tar en ny vändning. En novell helt målad i akvarellfärg. Ett urval bilder ur boken har visats på <em>Växjö Konstmuseum</em> och <em>Varbergs konsthall</em>.</p>
<p><strong>Pressröster:</strong><br />“Teckningarna växer till styrka och innehåll. Vissa rutor – främst landskapen, både landsbygds- och stadslandskap blir seriemålningar= tavlor.” Bengt Eriksson, <em>Expressen 090325</em></p>
<p><strong>Beställ här:</strong><br />Klicka <a href="mailto:info@seriekonst.se?Subject=Seriekonst - beställning">HÄR</a> och fyll i din beställning direkt i mailet, så skickar jag en bok. Ange därefter vilken sida och vilken strip du önskar beställa.</p>
<p><strong>Villkor:</strong><br />Betala i efterskott mot faktura. 30 dagar efter faktureringsdatum utgår påminnelseavgift med 50 kronor/utskick.<br />14 dagars ångerrätt för privatkunder gäller enligt Distanshandelslagen. Porto ingår i alla priser. Leveranstid 3-7 dagar</p>
<p><strong>Exempel på original som är till salu:</strong></p>


<figure class="wp-block-image size-full"><a href="http://www.seriekonst.se/wp-content/uploads/2013/04/014.jpg"><img loading="lazy" decoding="async" width="686" height="349" src="http://www.seriekonst.se/wp-content/uploads/2013/04/014.jpg" alt="" class="wp-image-860" srcset="https://www.seriekonst.se/wp-content/uploads/2013/04/014.jpg 686w, https://www.seriekonst.se/wp-content/uploads/2013/04/014-300x152.jpg 300w" sizes="auto, (max-width: 686px) 100vw, 686px" /></a><figcaption>Var är dom?</figcaption></figure>



<figure class="wp-block-image size-full"><a href="http://www.seriekonst.se/wp-content/uploads/2013/04/008.jpg"><img loading="lazy" decoding="async" width="673" height="350" src="http://www.seriekonst.se/wp-content/uploads/2013/04/008.jpg" alt="" class="wp-image-859" srcset="https://www.seriekonst.se/wp-content/uploads/2013/04/008.jpg 673w, https://www.seriekonst.se/wp-content/uploads/2013/04/008-300x156.jpg 300w" sizes="auto, (max-width: 673px) 100vw, 673px" /></a><figcaption>Huset målas med kalk.</figcaption></figure>



<figure class="wp-block-image size-full"><a href="http://www.seriekonst.se/wp-content/uploads/2013/04/019.jpg"><img loading="lazy" decoding="async" width="673" height="341" src="http://www.seriekonst.se/wp-content/uploads/2013/04/019.jpg" alt="" class="wp-image-863" srcset="https://www.seriekonst.se/wp-content/uploads/2013/04/019.jpg 673w, https://www.seriekonst.se/wp-content/uploads/2013/04/019-300x152.jpg 300w" sizes="auto, (max-width: 673px) 100vw, 673px" /></a><figcaption>Lissabon</figcaption></figure>



<figure class="wp-block-image size-full"><a href="http://www.seriekonst.se/wp-content/uploads/2013/04/018.jpg"><img loading="lazy" decoding="async" width="669" height="343" src="http://www.seriekonst.se/wp-content/uploads/2013/04/018.jpg" alt="" class="wp-image-862" srcset="https://www.seriekonst.se/wp-content/uploads/2013/04/018.jpg 669w, https://www.seriekonst.se/wp-content/uploads/2013/04/018-300x153.jpg 300w" sizes="auto, (max-width: 669px) 100vw, 669px" /></a><figcaption>Nova Pensao i Caldas de Moncuique</figcaption></figure>

<p>Original ur boken Vin och Vatten till försäljning. Priset per original är 1500 kr och då ingår även själva boken. Varje original innehåller två bilder och mäter ca 29&#215;18 cm. Om Vin och Vatten.Johan och Janna försöker lappa ihop sitt &hellip; <a href="https://www.seriekonst.se/?page_id=810">Continue reading <span class="meta-nav">&rarr;</span></a></p>
