{"id":50,"date":"2012-01-02T20:00:00","date_gmt":"2012-01-02T20:00:00","guid":{"rendered":"http:\/\/www.seriekonst.se\/?page_id=50"},"modified":"2019-04-29T20:06:37","modified_gmt":"2019-04-29T20:06:37","slug":"seriemagi","status":"publish","type":"page","link":"https:\/\/www.seriekonst.se\/?page_id=50","title":{"rendered":"Seriemagi"},"content":{"rendered":"<p><a href=\"http:\/\/www.seriekonst.se\/wp-content\/uploads\/2012\/01\/seriemagi-cvr.jpeg\"><img loading=\"lazy\" decoding=\"async\" class=\"alignleft size-medium wp-image-261\" title=\"seriemagi-cvr.indd\" src=\"http:\/\/www.seriekonst.se\/wp-content\/uploads\/2012\/01\/seriemagi-cvr-184x300.jpg\" alt=\"\" width=\"184\" height=\"300\" \/><\/a>Det finns m\u00e5nga handledningar i konsten att teckna serier, men ingen som denna. <em>Seriemagi<\/em> avsl\u00f6jar serieber\u00e4ttandets innersta k\u00e4rna. Den ob\u00e4ndiga ber\u00e4ttarlust, d\u00e4r ord m\u00f6ter bild och skapar n\u00e5got nytt. Att rita och ber\u00e4tta &#8211; r\u00e4tt av. Utan hinder! Det enda som beh\u00f6vs \u00e4r papper och penna. Och en smula magi.<\/p>\n<p><em>Seriemagi<\/em> \u00e4r Gunnar Krantz grundkurs p\u00e5 legendariska Serieskolan i Malm\u00f6 och ett standarverk inom seriepedagogiken. <em>Seriemagi<\/em> anv\u00e4nds som kurslitteratur p\u00e5 Universitet, h\u00f6gskolor och konstn\u00e4rliga utbildningar i Sverige.<\/p>\n<p>K\u00f6p den <a title=\"H\u00c4R\" href=\"http:\/\/www.seriekonst.se\/?page_id=713\" target=\"_blank\" rel=\"noopener noreferrer\">H\u00c4R<\/a><\/p>\n","protected":false},"excerpt":{"rendered":"<p>Det finns m\u00e5nga handledningar i konsten att teckna serier, men ingen som denna. Seriemagi avsl\u00f6jar serieber\u00e4ttandets innersta k\u00e4rna. Den ob\u00e4ndiga ber\u00e4ttarlust, d\u00e4r ord m\u00f6ter bild och skapar n\u00e5got nytt. Att rita och ber\u00e4tta &#8211; r\u00e4tt av. Utan hinder! Det enda &hellip; <a href=\"https:\/\/www.seriekonst.se\/?page_id=50\">Continue reading <span class=\"meta-nav\">&rarr;<\/span><\/a><\/p>\n","protected":false},"author":1,"featured_media":0,"parent":0,"menu_order":3,"comment_status":"open","ping_status":"open","template":"","meta":{"footnotes":""},"class_list":["post-50","page","type-page","status-publish","hentry"],"_links":{"self":[{"href":"https:\/\/www.seriekonst.se\/index.php?rest_route=\/wp\/v2\/pages\/50","targetHints":{"allow":["GET"]}}],"collection":[{"href":"https:\/\/www.seriekonst.se\/index.php?rest_route=\/wp\/v2\/pages"}],"about":[{"href":"https:\/\/www.seriekonst.se\/index.php?rest_route=\/wp\/v2\/types\/page"}],"author":[{"embeddable":true,"href":"https:\/\/www.seriekonst.se\/index.php?rest_route=\/wp\/v2\/users\/1"}],"replies":[{"embeddable":true,"href":"https:\/\/www.seriekonst.se\/index.php?rest_route=%2Fwp%2Fv2%2Fcomments&post=50"}],"version-history":[{"count":8,"href":"https:\/\/www.seriekonst.se\/index.php?rest_route=\/wp\/v2\/pages\/50\/revisions"}],"predecessor-version":[{"id":2007,"href":"https:\/\/www.seriekonst.se\/index.php?rest_route=\/wp\/v2\/pages\/50\/revisions\/2007"}],"wp:attachment":[{"href":"https:\/\/www.seriekonst.se\/index.php?rest_route=%2Fwp%2Fv2%2Fmedia&parent=50"}],"curies":[{"name":"wp","href":"https:\/\/api.w.org\/{rel}","templated":true}]}}