{"id":43,"date":"2012-01-02T19:53:27","date_gmt":"2012-01-02T19:53:27","guid":{"rendered":"http:\/\/www.seriekonst.se\/?page_id=43"},"modified":"2019-04-29T20:05:27","modified_gmt":"2019-04-29T20:05:27","slug":"storsta-mojliga-allvar","status":"publish","type":"page","link":"https:\/\/www.seriekonst.se\/?page_id=43","title":{"rendered":"St\u00f6rsta M\u00f6jliga Allvar"},"content":{"rendered":"<p><a href=\"http:\/\/www.seriekonst.se\/wp-content\/uploads\/2012\/01\/sma.jpeg\"><img loading=\"lazy\" decoding=\"async\" class=\"alignleft size-full wp-image-349\" title=\"sma\" src=\"http:\/\/www.seriekonst.se\/wp-content\/uploads\/2012\/01\/sma.jpeg\" alt=\"\" width=\"200\" height=\"264\" \/><\/a>I mitten p\u00e5 80-talet f\u00f6r\u00e4ndrades den svenska seriekulturen i grunden. Tidningar som <em>Epix, Pox <\/em>och<em> Pulserande Metal<\/em> \u00f6ppnade dammluckor till en st\u00f6rtflod av internationella serier som tidigare ansetts om\u00f6jliga att publicera i Sverige. Episka, satiriska, humoristiska, feministiska, konstn\u00e4rliga, och pornografiska serier i en salig blandning. Mitt i h\u00e4ndelsernas centrum befann sig en ung konststuderande serietecknare med en stark vision: att g\u00f6ra n\u00e5got v\u00e4sentligt med seriemediet.<\/p>\n<p>Om boken: Fr\u00e5n det jag flyttade till Stockholm hade allt rusat p\u00e5 med expressfart. Under ett halv\u00e5r hade jag gett ut ett par fanzines, f\u00e5tt anst\u00e4llning p\u00e5 <em>Bild &amp; Bubbla<\/em>, sedan startat ett tryckeri med Thomas. D\u00e4refter f\u00e5tt jobb p\u00e5 <em>Epix<\/em>. F\u00f6rst som bokh\u00e5llare, sedan som redakt\u00f6r. Jag hade l\u00e4rt k\u00e4nna n\u00e5gra av Sveriges fr\u00e4msta serietecknare och f\u00e5tt tips om nya material och metoder. Samtidigt h\u00f6rde allt fler av sig och ville ha serier av mig till sina fanzin. M\u00e5larskolan hade jag gett upp. Jag k\u00e4nde mig f\u00e4rdigutbildad. Tanken p\u00e5 att teckna ett l\u00e4ngre album k\u00e4ndes inte l\u00e4ngre s\u00e5 fr\u00e4mmande.<\/p>\n<p><strong>Pressr\u00f6ster:<\/strong><br \/>\n<em>&#8220;Krantz skriver underh\u00e5llande och klarsynt, utan nostalgi, om en ung allvarlig mans s\u00f6kande efter ett konstn\u00e4rligt uttryck.&#8221; Mattias Oscarsson, 120123\u00a0<\/em><\/p>\n<p><a title=\"Christer B Johansson i tidningen Kulturen\" href=\"http:\/\/www.tidningenkulturen.se\/artiklar\/litteratur\/litteraturkritik\/11182-litteratur-gunnar-krantz-stoersta-moejliga-allvar\" target=\"_blank\" rel=\"noopener noreferrer\">Christer B Johansson i tidningen Kulturen.<\/a><\/p>\n<p>K\u00f6p boken <a title=\"H\u00c4R\" href=\"http:\/\/www.adlibris.com\/se\/product.aspx?isbn=9185951307\" target=\"_blank\" rel=\"noopener noreferrer\">H\u00c4R<\/a><\/p>\n<p><a href=\"http:\/\/www.seriekonst.se\/wp-content\/uploads\/2012\/10\/boxen-render-220.png\"><img loading=\"lazy\" decoding=\"async\" title=\"boxen-render-220\" src=\"http:\/\/www.seriekonst.se\/wp-content\/uploads\/2012\/10\/boxen-render-220.png\" alt=\"\" width=\"220\" height=\"222\" \/><\/a><\/p>\n<p><strong>En slipcase i f\u00e4rg som samlar Gunnar Krantz b\u00f6cker ST\u00d6RSTA M\u00d6JLIGA ALLVAR och FR\u00c5N SUPERANGST TILL SERIESTADEN. Mycket begr\u00e4nsad upplaga!\u00a0K\u00f6p den h\u00e4r:<\/strong>\u00a0<a title=\"Adlibris\" href=\"http:\/\/www.adlibris.com\/se\/product.aspx?isbn=9185951471\" target=\"_blank\" rel=\"noopener noreferrer\">Adlibris<\/a>\u00a0<a title=\"Bokus\" href=\"http:\/\/www.bokus.com\/bok\/9789185951475\/gunnar-krantz-boxen\/\" target=\"_blank\" rel=\"noopener noreferrer\">Bokus<\/a><\/p>\n","protected":false},"excerpt":{"rendered":"<p>I mitten p\u00e5 80-talet f\u00f6r\u00e4ndrades den svenska seriekulturen i grunden. Tidningar som Epix, Pox och Pulserande Metal \u00f6ppnade dammluckor till en st\u00f6rtflod av internationella serier som tidigare ansetts om\u00f6jliga att publicera i Sverige. Episka, satiriska, humoristiska, feministiska, konstn\u00e4rliga, och pornografiska &hellip; <a href=\"https:\/\/www.seriekonst.se\/?page_id=43\">Continue reading <span class=\"meta-nav\">&rarr;<\/span><\/a><\/p>\n","protected":false},"author":1,"featured_media":0,"parent":0,"menu_order":1,"comment_status":"open","ping_status":"open","template":"","meta":{"footnotes":""},"class_list":["post-43","page","type-page","status-publish","hentry"],"_links":{"self":[{"href":"https:\/\/www.seriekonst.se\/index.php?rest_route=\/wp\/v2\/pages\/43","targetHints":{"allow":["GET"]}}],"collection":[{"href":"https:\/\/www.seriekonst.se\/index.php?rest_route=\/wp\/v2\/pages"}],"about":[{"href":"https:\/\/www.seriekonst.se\/index.php?rest_route=\/wp\/v2\/types\/page"}],"author":[{"embeddable":true,"href":"https:\/\/www.seriekonst.se\/index.php?rest_route=\/wp\/v2\/users\/1"}],"replies":[{"embeddable":true,"href":"https:\/\/www.seriekonst.se\/index.php?rest_route=%2Fwp%2Fv2%2Fcomments&post=43"}],"version-history":[{"count":14,"href":"https:\/\/www.seriekonst.se\/index.php?rest_route=\/wp\/v2\/pages\/43\/revisions"}],"predecessor-version":[{"id":2005,"href":"https:\/\/www.seriekonst.se\/index.php?rest_route=\/wp\/v2\/pages\/43\/revisions\/2005"}],"wp:attachment":[{"href":"https:\/\/www.seriekonst.se\/index.php?rest_route=%2Fwp%2Fv2%2Fmedia&parent=43"}],"curies":[{"name":"wp","href":"https:\/\/api.w.org\/{rel}","templated":true}]}}