{"id":1807,"date":"2018-05-14T14:42:19","date_gmt":"2018-05-14T14:42:19","guid":{"rendered":"http:\/\/www.seriekonst.se\/?page_id=1807"},"modified":"2018-08-26T06:33:30","modified_gmt":"2018-08-26T06:33:30","slug":"katarina-matilda-fran-vendel","status":"publish","type":"page","link":"https:\/\/www.seriekonst.se\/?page_id=1807","title":{"rendered":"Katarina Matilda fr\u00e5n Vendel"},"content":{"rendered":"<p><a href=\"http:\/\/www.seriekonst.se\/?attachment_id=1830\" rel=\"attachment wp-att-1830\"><img loading=\"lazy\" decoding=\"async\" class=\"aligncenter wp-image-1830 size-medium\" src=\"http:\/\/www.seriekonst.se\/wp-content\/uploads\/2018\/05\/kma_front-300x210.jpeg\" alt=\"\" width=\"300\" height=\"210\" srcset=\"https:\/\/www.seriekonst.se\/wp-content\/uploads\/2018\/05\/kma_front-300x210.jpeg 300w, https:\/\/www.seriekonst.se\/wp-content\/uploads\/2018\/05\/kma_front-768x537.jpeg 768w, https:\/\/www.seriekonst.se\/wp-content\/uploads\/2018\/05\/kma_front-1024x715.jpeg 1024w, https:\/\/www.seriekonst.se\/wp-content\/uploads\/2018\/05\/kma_front.jpeg 1294w\" sizes=\"auto, (max-width: 300px) 100vw, 300px\" \/><\/a><\/p>\n<p><em>Katarina Matilda.<\/em><br \/>\n<em>Om henne var det ingen som visste n\u00e5got.<\/em><br \/>\n<em>Hon kom visst n\u00e5gonstans utifr\u00e5n, utanf\u00f6r Stockholm.<\/em><\/p>\n<p><em>Om hennes man Karl Oskar visste vi desto mer.<\/em><br \/>\n<em>Han var maskinist.<\/em><br \/>\n<em>(Vad \u00e4r en maskinist?)<\/em><\/p>\n<p><em>Hon finns med p\u00e5 ett foto, det enda som finns.<\/em><\/p>\n<p><em>Det var allt jag visste om Katarina Matilda.<\/em><br \/>\n<em>Hon som ingen kunde eller ville ber\u00e4tta n\u00e5got om.<\/em><\/p>\n<p><em>Vem var hon?<\/em><\/p>\n<p>&nbsp;<\/p>\n<p><a href=\"http:\/\/www.seriekonst.se\/?attachment_id=1816\" rel=\"attachment wp-att-1816\"><img loading=\"lazy\" decoding=\"async\" class=\"aligncenter size-medium wp-image-1816\" src=\"http:\/\/www.seriekonst.se\/wp-content\/uploads\/2018\/05\/kma_bild2-1-300x210.jpg\" alt=\"\" width=\"300\" height=\"210\" srcset=\"https:\/\/www.seriekonst.se\/wp-content\/uploads\/2018\/05\/kma_bild2-1-300x210.jpg 300w, https:\/\/www.seriekonst.se\/wp-content\/uploads\/2018\/05\/kma_bild2-1.jpg 591w\" sizes=\"auto, (max-width: 300px) 100vw, 300px\" \/><\/a><\/p>\n<p>Det \u00e4r inledningen till ber\u00e4ttelsen om Katarina Matilda Andersdotter fr\u00e5n torpet\u00a0Gammelg\u00e4rdet i Vendels socken i Uppland. Hon \u00e4r en av alla de pigor som i slutet p\u00e5 1800-talet vandrar in till st\u00e4derna f\u00f6r att s\u00f6ka arbete p\u00e5 fabriker och i \u00f6verklassens hem. Katarina Matilda \u00e4r en av pigorna p\u00e5 Luntmakargatan, en av s\u00f6mmerskorna p\u00e5 Sj\u00e4lag\u00e5rdsgatan och en av m\u00f6drarna i k\u00e5kstan Lugnet vid Hammarby sj\u00f6. F\u00f6r det \u00e4r i Stockholm denna ber\u00e4ttelse utspelar sig. Samma Stockholm som skildrats av Per Anders Fogelstr\u00f6m. S\u00f6der, Vita Bergen, Gamla Stan. Ett\u00a0Stockholm\u00a0l\u00e5ngt ifr\u00e5n dagens bostadsmarknad.<\/p>\n<p>Katarina Matildas ber\u00e4ttelse \u00e4r p\u00e5 inget s\u00e4tt unik. Den delas av m\u00e5nga.\u00a0 Den delas faktiskt av flertalet av oss. Detta \u00e4r ocks\u00e5 v\u00e5r historia. Det \u00e4r s\u00e5h\u00e4r det ser ut f\u00f6r de flesta av oss. Blickar vi tillbaka i sl\u00e4ktleden m\u00f6ter vi s\u00e4llan\u00a0adelsm\u00e4n, pr\u00e4ster, borgare eller b\u00f6nder. Vi m\u00f6ter ist\u00e4llet dr\u00e4ngar och pigor, arbetskarlar och s\u00f6mmerskor, kuskdr\u00e4ngar och \u00a0cigarettarbeterskor, bagarl\u00e4rlingar och hush\u00e5llerskor, statare och arbetshjon.<\/p>\n<p><a href=\"http:\/\/www.seriekonst.se\/?attachment_id=1817\" rel=\"attachment wp-att-1817\"><img loading=\"lazy\" decoding=\"async\" class=\"aligncenter size-medium wp-image-1817\" src=\"http:\/\/www.seriekonst.se\/wp-content\/uploads\/2018\/05\/kma_bild1-300x210.jpg\" alt=\"\" width=\"300\" height=\"210\" srcset=\"https:\/\/www.seriekonst.se\/wp-content\/uploads\/2018\/05\/kma_bild1-300x210.jpg 300w, https:\/\/www.seriekonst.se\/wp-content\/uploads\/2018\/05\/kma_bild1.jpg 591w\" sizes=\"auto, (max-width: 300px) 100vw, 300px\" \/><\/a><\/p>\n<p>Ber\u00e4ttelsen om Katarina Matilda bygger p\u00e5 fakta h\u00e4mtade ur arkiv,\u00a0vetenskaplig litteratur och sk\u00f6nlitteratur. Den ing\u00e5r i projektet #newwaysofmakingcomics. F\u00f6r ett fritt konstn\u00e4rligt f\u00f6rh\u00e5llningss\u00e4tt till seriekonsten.<\/p>\n<p>L\u00e4s ber\u00e4ttelsen om Katarina Matilda h\u00e4r: <a href=\"http:\/\/www.seriekonst.se\/wp-content\/uploads\/2018\/05\/Katarina_Matilda.pdf\">KATARINA MATILDA<\/a><\/p>\n<p>\/Gunnar Krantz i maj 2018<\/p>\n<p>&nbsp;<\/p>\n<p>&nbsp;<\/p>\n","protected":false},"excerpt":{"rendered":"<p>Katarina Matilda. Om henne var det ingen som visste n\u00e5got. Hon kom visst n\u00e5gonstans utifr\u00e5n, utanf\u00f6r Stockholm. Om hennes man Karl Oskar visste vi desto mer. Han var maskinist. (Vad \u00e4r en maskinist?) Hon finns med p\u00e5 ett foto, det &hellip; <a href=\"https:\/\/www.seriekonst.se\/?page_id=1807\">Continue reading <span class=\"meta-nav\">&rarr;<\/span><\/a><\/p>\n","protected":false},"author":1,"featured_media":0,"parent":0,"menu_order":1,"comment_status":"closed","ping_status":"closed","template":"","meta":{"footnotes":""},"class_list":["post-1807","page","type-page","status-publish","hentry"],"_links":{"self":[{"href":"https:\/\/www.seriekonst.se\/index.php?rest_route=\/wp\/v2\/pages\/1807","targetHints":{"allow":["GET"]}}],"collection":[{"href":"https:\/\/www.seriekonst.se\/index.php?rest_route=\/wp\/v2\/pages"}],"about":[{"href":"https:\/\/www.seriekonst.se\/index.php?rest_route=\/wp\/v2\/types\/page"}],"author":[{"embeddable":true,"href":"https:\/\/www.seriekonst.se\/index.php?rest_route=\/wp\/v2\/users\/1"}],"replies":[{"embeddable":true,"href":"https:\/\/www.seriekonst.se\/index.php?rest_route=%2Fwp%2Fv2%2Fcomments&post=1807"}],"version-history":[{"count":10,"href":"https:\/\/www.seriekonst.se\/index.php?rest_route=\/wp\/v2\/pages\/1807\/revisions"}],"predecessor-version":[{"id":1831,"href":"https:\/\/www.seriekonst.se\/index.php?rest_route=\/wp\/v2\/pages\/1807\/revisions\/1831"}],"wp:attachment":[{"href":"https:\/\/www.seriekonst.se\/index.php?rest_route=%2Fwp%2Fv2%2Fmedia&parent=1807"}],"curies":[{"name":"wp","href":"https:\/\/api.w.org\/{rel}","templated":true}]}}