{"id":1532,"date":"2017-01-31T13:24:01","date_gmt":"2017-01-31T13:24:01","guid":{"rendered":"http:\/\/www.seriekonst.se\/?page_id=1532"},"modified":"2020-11-29T12:01:55","modified_gmt":"2020-11-29T12:01:55","slug":"kooperatoren","status":"publish","type":"page","link":"https:\/\/www.seriekonst.se\/?page_id=1532","title":{"rendered":"Kooperat\u00f6ren"},"content":{"rendered":"<h3 style=\"text-align: center;\"><strong>En dokument\u00e4rserie om&nbsp;Annonsbyr\u00e5n Svea<br \/>\noch reklamen&nbsp;i det&nbsp;svenska folkhemmet.<\/strong><\/h3>\n<h4 style=\"text-align: center;\"><a href=\"http:\/\/www.seriekonst.se\/wp-content\/uploads\/2017\/01\/kooperatoren_hela.pdf\" rel=\"attachment wp-att-1541\"><img loading=\"lazy\" decoding=\"async\" class=\"aligncenter wp-image-1541\" src=\"http:\/\/www.seriekonst.se\/wp-content\/uploads\/2017\/01\/koop_cover.jpg\" width=\"450\" height=\"644\" srcset=\"https:\/\/www.seriekonst.se\/wp-content\/uploads\/2017\/01\/koop_cover.jpg 557w, https:\/\/www.seriekonst.se\/wp-content\/uploads\/2017\/01\/koop_cover-210x300.jpg 210w\" sizes=\"auto, (max-width: 450px) 100vw, 450px\" \/><\/a><\/h4>\n<p>Kooperat\u00f6ren \u00e4r&nbsp;en ber\u00e4ttelse om gemenskap, idealism och hur helt vanliga m\u00e4nniskor f\u00f6r inte alltf\u00f6r l\u00e4nge sedan sl\u00f6t sig samman f\u00f6r att&nbsp;f\u00f6r\u00e4ndra sina liv. Kooperationen \u2013 en av Sveriges genom tiderna st\u00f6rsta folkr\u00f6relse, s\u00e5 framg\u00e5ngsrik att f\u00f6ljande generationer tog den f\u00f6r given och inte s\u00e5g allt id\u00e9ellt arbete bakom eller ins\u00e5g vidden av den samh\u00e4llsomdaning som KF&nbsp;skapade p\u00e5 n\u00e5gra f\u00e5 decennier. I sanning ett \u201dsm\u00e5fokets storverk\u201d, som den kooperativa ekonomen och ideologen Mauritz Bonow uttryckte det.<\/p>\n<p><img loading=\"lazy\" decoding=\"async\" class=\"aligncenter wp-image-1208 size-medium\" src=\"http:\/\/www.seriekonst.se\/wp-content\/uploads\/2016\/09\/gillar-300x273.jpg\" alt=\"gillar\" width=\"300\" height=\"273\" srcset=\"https:\/\/www.seriekonst.se\/wp-content\/uploads\/2016\/09\/gillar-300x273.jpg 300w, https:\/\/www.seriekonst.se\/wp-content\/uploads\/2016\/09\/gillar-768x699.jpg 768w, https:\/\/www.seriekonst.se\/wp-content\/uploads\/2016\/09\/gillar-1024x933.jpg 1024w\" sizes=\"auto, (max-width: 300px) 100vw, 300px\" \/><\/p>\n<p>Kooperat\u00f6ren \u00e4r ocks\u00e5 en ber\u00e4ttelse som handlar om min farmor och farfar Signe och Knut Krantz och hur de var med och&nbsp;formade Kooperativa F\u00f6rbundet.<\/p>\n<p><a href=\"http:\/\/www.seriekonst.se\/?attachment_id=1253\" rel=\"attachment wp-att-1253\"><img loading=\"lazy\" decoding=\"async\" class=\"aligncenter size-medium wp-image-1253\" src=\"http:\/\/www.seriekonst.se\/wp-content\/uploads\/2016\/10\/koop_blue1-300x300.jpg\" alt=\"koop_blue1\" width=\"300\" height=\"300\" srcset=\"https:\/\/www.seriekonst.se\/wp-content\/uploads\/2016\/10\/koop_blue1-300x300.jpg 300w, https:\/\/www.seriekonst.se\/wp-content\/uploads\/2016\/10\/koop_blue1-150x150.jpg 150w, https:\/\/www.seriekonst.se\/wp-content\/uploads\/2016\/10\/koop_blue1-768x768.jpg 768w, https:\/\/www.seriekonst.se\/wp-content\/uploads\/2016\/10\/koop_blue1-1024x1024.jpg 1024w\" sizes=\"auto, (max-width: 300px) 100vw, 300px\" \/><\/a><\/p>\n<p>I januari 1928 p\u00e5b\u00f6rjar min farmor och farfar p\u00e5 en gemensam dagbok. Ett skrivprojekt, som f\u00f6ljer dem en bit in i 30-talet d\u00e5 familjen f\u00e5r&nbsp;till\u00f6kning . I dagboken ges en sp\u00e4nnande inblick i det sena 20-talets vardagstillvaro med b\u00e5de gl\u00e4dje\u00e4mnen och problem. Diskussioner om talk eller puder, biofilmer, zeppelinaren Nobiles bes\u00f6k och \u00e5terkommande utflykter till Kooperationens eget universitet &#8211; V\u00e5r G\u00e5rd &#8211;&nbsp;&nbsp;d\u00e4r verksamheten nu b\u00f6rjar inriktas mot de id\u00e9er kring skyltning och marknadsf\u00f6ring Knut tagit med sig hem fr\u00e5n tiden i Amerika och snart f\u00e5r Knut sitt livs erbjudande &#8211; Att k\u00f6pa den konkursm\u00e4ssiga annonsbyr\u00e5n Svea, vars st\u00f6rsta kund \u00e4r just Kooperativa F\u00f6rbundet. F\u00f6ruts\u00e4ttningen \u00e4r dock att han &nbsp;g\u00f6r det som sj\u00e4lvst\u00e4ndig \u00e4gare av byr\u00e5n.<\/p>\n<p>Ladda ner boken h\u00e4r:&nbsp;<a href=\"http:\/\/www.seriekonst.se\/wp-content\/uploads\/2017\/02\/Gunnar_Krantz_Kooperatoren_2016.pdf\">Kooperat\u00f6ren<\/a><\/p>\n<p><em>Kooperat\u00f6ren: En serie i sex delar av Gunnar Krantz, baserad p\u00e5 Knut och Signe Krantz dagbok, brev, sl\u00e4ktarkiv, kooperativ litteratur, b\u00f6cker och tidskrifter, pressklipp och muntliga k\u00e4llor.<\/em><\/p>\n","protected":false},"excerpt":{"rendered":"<p>En dokument\u00e4rserie om&nbsp;Annonsbyr\u00e5n Svea och reklamen&nbsp;i det&nbsp;svenska folkhemmet. Kooperat\u00f6ren \u00e4r&nbsp;en ber\u00e4ttelse om gemenskap, idealism och hur helt vanliga m\u00e4nniskor f\u00f6r inte alltf\u00f6r l\u00e4nge sedan sl\u00f6t sig samman f\u00f6r att&nbsp;f\u00f6r\u00e4ndra sina liv. Kooperationen \u2013 en av Sveriges genom tiderna st\u00f6rsta folkr\u00f6relse, &hellip; <a href=\"https:\/\/www.seriekonst.se\/?page_id=1532\">Continue reading <span class=\"meta-nav\">&rarr;<\/span><\/a><\/p>\n","protected":false},"author":1,"featured_media":0,"parent":0,"menu_order":0,"comment_status":"closed","ping_status":"closed","template":"","meta":{"footnotes":""},"class_list":["post-1532","page","type-page","status-publish","hentry"],"_links":{"self":[{"href":"https:\/\/www.seriekonst.se\/index.php?rest_route=\/wp\/v2\/pages\/1532","targetHints":{"allow":["GET"]}}],"collection":[{"href":"https:\/\/www.seriekonst.se\/index.php?rest_route=\/wp\/v2\/pages"}],"about":[{"href":"https:\/\/www.seriekonst.se\/index.php?rest_route=\/wp\/v2\/types\/page"}],"author":[{"embeddable":true,"href":"https:\/\/www.seriekonst.se\/index.php?rest_route=\/wp\/v2\/users\/1"}],"replies":[{"embeddable":true,"href":"https:\/\/www.seriekonst.se\/index.php?rest_route=%2Fwp%2Fv2%2Fcomments&post=1532"}],"version-history":[{"count":30,"href":"https:\/\/www.seriekonst.se\/index.php?rest_route=\/wp\/v2\/pages\/1532\/revisions"}],"predecessor-version":[{"id":2189,"href":"https:\/\/www.seriekonst.se\/index.php?rest_route=\/wp\/v2\/pages\/1532\/revisions\/2189"}],"wp:attachment":[{"href":"https:\/\/www.seriekonst.se\/index.php?rest_route=%2Fwp%2Fv2%2Fmedia&parent=1532"}],"curies":[{"name":"wp","href":"https:\/\/api.w.org\/{rel}","templated":true}]}}